 q(h) composite?
False
Suppose 0 = -5*n + 15, 5*n + 18269 = 4*j - 16320. Is j a composite number?
True
Let x(n) = 3*n**2 - 12*n - 14. Let r be 10 - (18/(-12) + 2/(-4)). Is x(r) a prime number?
False
Let d(u) = 320*u - 227. Is d(8) prime?
True
Suppose -7*y - 35 = -2*y. Let i be y/((-28)/5624) - 2. Let k = -961 + i. Is k a prime number?
True
Let c = -11097 - -17716. Is c prime?
True
Suppose 0 = -3*q + 5*q - 4*u, 4*q + 3*u = 22. Suppose -467 = -x - 4*w - w, q*w = -x + 465. Is x a composite number?
False
Suppose -1490 = -2*w - 5*u, -4*w - 193 + 3173 = 3*u. Suppose 4*k - 2803 = w. Is k prime?
True
Suppose -2*o + 5*a = 2*o - 12959, 4*o = 4*a + 12964. Suppose -8*k + o = -2*k. Is k a composite number?
False
Let r(i) = -6*i + 4*i + i + 1 + i**2 + 2*i. Let j(y) = -142*y**2 + y + 5. Let v(q) = -j(q) + 6*r(q). Is v(-2) a prime number?
False
Let g(z) = -z + 2. Let j be g(-5). Let t(f) = 2*f**2 + 8*f + 4. Let a be t(j). Suppose -a = -2*v - 3*i, 5*i = -2*v - 0*i + 158. Is v a composite number?
False
Let c(p) be the first derivative of p**3/3 - 55*p**2/2 + 5*p + 47. Is c(-26) composite?
False
Let j be 3/(2 - (-169)/(-86)). Suppose 0 = -4*y + y - 81. Let r = y + j. Is r composite?
False
Let m(r) = 81*r**2 - 18*r + 50. Is m(7) composite?
True
Let r(m) = 11*m**2 + 49*m + 5. Is r(22) prime?
False
Is 191/3*765/51 composite?
True
Let c(r) = -11 + 2*r**2 + 4*r**2 - 5*r**2 + 3*r. Is c(7) prime?
True
Let w(j) = -182*j + 27. Let m = -83 - -67. Is w(m) a composite number?
False
Suppose 4*y = 5*r - 4*r, -4*r + y = 0. Suppose -3*w + z + 10031 = 0, -6686 = -r*w - 2*w + 2*z. Suppose -w = -6*s - 206. Is s a prime number?
True
Let v(l) = -59*l - 52. Is v(-27) a prime number?
False
Suppose 12 = -3*b - 0*b. Let m be 1 + b/2 + 1. Is m + 40 + 6/(-3) prime?
False
Let q be 229/(-2) - 11/22. Let w = q - -273. Is w a composite number?
True
Let w(u) = 392*u**2 + 4*u - 1. Is w(-2) a composite number?
False
Is ((-24)/3 - -7)*-19657 a prime number?
False
Let a = 11 - 5. Let y(j) = 122*j + 37. Is y(a) a composite number?
False
Suppose -13*i + 10*i - 18 = 0. Let v be (302/(-5))/(i/15). Let g = v + -17. Is g a prime number?
False
Let o be 0 - (2/(-12) + 153/(-54)). Suppose -o*d = 8*d - 2321. Is d prime?
True
Suppose -5*g = -2*z + 1017, 2079 = -0*z + 4*z - g. Is (-12 + 13)*1*z composite?
False
Let s = -45 - -49. Is (-1)/s - (27925/(-20) - 1) a composite number?
True
Suppose w - 189 = -4*c, -c + 801 = 4*w - 0*w. Suppose w = r - 2*n, 3*r = -2*n - 0*n + 643. Is r a composite number?
False
Suppose 0*u + 11 = u + 4*a, -a = 5*u - 36. Suppose -u*o = -793 - 852. Is o composite?
True
Is 9371/(3*(-3)/(-45)) composite?
True
Suppose 30*g = r + 27*g - 15487, g = -r + 15495. Is r a prime number?
True
Let h = 250 + -65. Let u be (-3683)/58*1*-2. Let v = h - u. Is v composite?
True
Suppose -2 = -5*w + 3. Let y be 6/(-6) - (-4 + w). Suppose 5*u + 16 = u, 5*u = -y*r + 154. Is r prime?
False
Let o(s) = -6*s**3 - 14*s**2 + 27*s + 165. Is o(-14) composite?
True
Is 0/(-2) + -1 + 61864 + 2 prime?
False
Let t(f) = 3*f**2 - 3*f - 11. Let l be (-10*2)/4*1. Is t(l) a prime number?
True
Suppose 0 = 3*m - p + 3 - 6, 3*p - 3 = -3*m. Suppose g - 32 = -m. Is g a prime number?
True
Suppose -7*m = -8*m + 4. Suppose 5*g + u + 69 + 753 = 0, -m*u = 8. Is (-90)/(-12)*g/(-6) prime?
False
Let i(j) = j**3 + 18*j**2 - j + 44. Let y be i(-18). Suppose -o = -5, -3*b - 3*o - 122 = -20. Let q = y + b. Is q a composite number?
False
Let u be (90/(-27))/(-10)*(1 + 80). Suppose -5*v = -b + 2270, -4*v = u - 7. Is b composite?
True
Suppose -2*u - 2 = 2. Let c be u - (2 + 0 + -8). Suppose -c = -2*x + 10. Is x a composite number?
False
Let i(x) be the second derivative of -31*x**3/6 + 2*x**2 - 13*x. Is i(-5) a composite number?
True
Let m(v) = 140*v + 35*v + 181*v + 107*v + 5. Let d be m(4). Suppose 0 = -7*a + d + 1790. Is a a composite number?
False
Suppose -1130 + 10071 = q. Is q a prime number?
True
Suppose -666*q - 234070 = -676*q. Is q prime?
False
Let c = -208 + 136. Suppose 2*s + 0*a + 6 = -a, 0 = -3*s - 5*a + 5. Is -8 - s - (2 + c) a composite number?
False
Let x(w) = 4216*w + 175. Is x(16) a prime number?
True
Suppose 0 = -27*x + 60023 + 42496. Is x prime?
True
Suppose -67*l + 19*l = -23280. Is l a composite number?
True
Suppose -7*w + 25 = -2*w, 2*d - 438 = -4*w. Is d a prime number?
False
Is (-112347)/(-63) - (-2)/(-7) a composite number?
False
Suppose d - 4532 = 3*p, 3*d - 10504 - 3127 = 2*p. Is d a composite number?
False
Suppose 0 = 9*b + 230 - 1841. Is b composite?
False
Let j = -1187 - -7990. Is j a composite number?
False
Suppose 4 = 7*m + 11. Is (1 - m)*7052/8 composite?
True
Let b(i) be the third derivative of i**4/24 - i**3/2 + 3*i**2. Let x be b(5). Suppose y - 177 = -k, -3*k = -x*k - 3*y - 185. Is k a prime number?
True
Suppose x + 7 = 3*k - 3, 6 = 5*k + x. Suppose -k*w + 72 = -86. Is w a composite number?
False
Let s(n) = -3 - 4*n**2 + 20 + 20*n**3 - 8*n**3 - 2. Is s(7) prime?
False
Let m be 0 - -16 - (-3 + 7). Suppose -4*s + m*s = 1528. Is s composite?
False
Is (-2)/((10/39890)/((-1)/2)) a composite number?
False
Let l(k) = 5279*k + 299. Is l(6) prime?
True
Let u(b) be the third derivative of b**6/120 - b**5/60 + b**4/12 + 209*b**3/6 + b**2. Let r be ((-1)/3*0*1)/3. Is u(r) a prime number?
False
Suppose 4*g - 2*o + 336 = 0, -5*g - 180 = -o + 234. Let z = 75 - g. Let q = z - 42. Is q composite?
True
Let s be (865/10)/(1/58). Suppose 13*q - s + 636 = 0. Is q a prime number?
True
Suppose 5*h + 3*z - 3580 = 0, -5*z = -3*h - 2*h + 3540. Is h a composite number?
True
Let z be ((91/(-28))/13)/(2/(-8)). Is (-907)/(0 + -2 + z) a prime number?
True
Let j = 6188 - 1831. Is j prime?
True
Let s(h) = 6*h**2 + 17*h + 11. Let v(u) = 7*u**2 + 18*u + 12. Let r(z) = 6*s(z) - 5*v(z). Let i(p) = 4*p + 6. Let m be i(-5). Is r(m) composite?
True
Suppose 0 = -0*t + 2*t - 6. Let s be -1*-4*(-1)/10*-5. Suppose 5*y = u + 3240, -t*y - s*u + 1962 = u. Is y prime?
False
Let v(f) = -6*f**2 + f + 39. Let i(s) = -4*s**2 + 2*s + 38. Let y(k) = 6*i(k) - 5*v(k). Is y(10) a prime number?
False
Suppose 2*i = -93 + 13. Is (-1027)/(-4) + (-10)/i a composite number?
False
Suppose 2*k = -0*k + 2. Suppose 5*f + s - 15 = 0, -2*f - k = -f + s. Let q(z) = 4*z**2 - 6*z + 6. Is q(f) prime?
False
Suppose -1389 + 5367 = 5*v + 4*s, -2*v + 1605 = -3*s. Suppose 317 = 5*o - v. Is o a prime number?
True
Suppose 0 = 41*u - 45*u - 6808. Let f = u - -2445. Is f prime?
True
Let d(g) = g**2 + 3*g - 6. Let z be d(-6). Let f be (-1)/4 + 3/z. Suppose -b + c = -197, f = b + b - c - 391. Is b composite?
True
Is 11 + 65244/(2 + 1) composite?
True
Suppose -2*o + 6819 = -4*d - 9459, -32572 = -4*o + 4*d. Is o a composite number?
False
Suppose -5*z + z = 2*d - 1976, -3*z = -5*d + 5005. Is 1*d + (6 - 28/4) prime?
True
Suppose 2*x - 18 = 3*q, x + 0*x = 3. Let j(h) = 103*h**2 + h - 5. Is j(q) a composite number?
True
Let i = 37265 - 25746. Is i prime?
True
Suppose 0 = -y + 3*s + 1626, -1115 - 6999 = -5*y - s. Is y a prime number?
False
Suppose 19*m - 13637 = 8042. Is m prime?
False
Is (213648/18 - -2)/((-2)/(-3)) a composite number?
False
Suppose 6*b + n = 10*b + 29780, 0 = -2*n + 8. Is (-3)/(3 - (-22338)/b) a prime number?
False
Let u(s) = 30*s - 11 - 3 + 7. Is u(12) a prime number?
True
Let y(d) = 40*d**2 - 4*d - 2. Let a(k) = -39*k**2 + 4*k + 3. Let v(r) = -3*a(r) - 2*y(r). Is v(4) prime?
True
Let d = 65 - 40. Is 15/d + 6224/10 a prime number?
False
Suppose 3*q + 15*q - 179946 = 0. Is q prime?
False
Suppose -323710 = -2*a - 8*a. Is a a composite number?
False
Suppose 0 = 4*b - 5 + 1. Let h(w) = 1559*w. Is h(b) prime?
True
Suppose b + f - 687 = 0, 3*b - 1441 = 5*f + 636. Is b prime?
False
Let o(n) = n**2 - 2*n + 8. Let l be o(-4). Is 32580/l - 4/32 a composite number?
True
Let a = -101119 - -143220. Is a prime?
True
Let n(s) = s**3 - 26*s**2 + 38*s - 49. Let m be n(26). Let j(o) = -417*o + 4. Let d be j(-5). Suppose d + m = 4*p. Is p a prime number?
True
Is 0 - (-13041 - (-5 - -7)) a composite number?
False
Let l(z) = -3*z**3 + 2*z - 1. Let d be l(1). Let f(h) = -h**2 - 2*h. Let c be f(d). Suppose -3*q + c*q + 435 = 0. Is q a prime number?
False
Let q(u) = 4*u**3 + 5*u**2 + 3*u - 1. Let p(i) = -5*i - 19. Let m be p(-5). Is q(m) composite?
False
Let m(d) = -664*d + 65. Is m(-6) a prime